s the thousands digit of 20982?
0
What is the thousands digit of 9456?
9
What is the hundreds digit of 1437?
4
What is the units digit of 2111?
1
What is the thousands digit of 4694?
4
What is the thousands digit of 1138?
1
What is the tens digit of 502?
0
What is the hundreds digit of 629?
6
What is the thousands digit of 19903?
9
What is the units digit of 4625?
5
What is the tens digit of 4942?
4
What is the hundreds digit of 2271?
2
What is the thousands digit of 14284?
4
What is the hundreds digit of 27384?
3
What is the thousands digit of 124103?
4
What is the thousands digit of 1348?
1
What is the tens digit of 518?
1
What is the thousands digit of 20790?
0
What is the ten thousands digit of 44517?
4
What is the tens digit of 672?
7
What is the hundreds digit of 23014?
0
What is the thousands digit of 10442?
0
What is the units digit of 1114?
4
What is the units digit of 12705?
5
What is the units digit of 2816?
6
What is the ten thousands digit of 69072?
6
What is the tens digit of 93841?
4
What is the tens digit of 2094?
9
What is the ten thousands digit of 43658?
4
What is the hundreds digit of 1206?
2
What is the hundreds digit of 45910?
9
What is the thousands digit of 1036?
1
What is the hundreds digit of 3432?
4
What is the hundreds digit of 20541?
5
What is the thousands digit of 100931?
0
What is the ten thousands digit of 93584?
9
What is the hundreds digit of 469?
4
What is the tens digit of 232?
3
What is the hundreds digit of 557?
5
What is the units digit of 846?
6
What is the hundreds digit of 40025?
0
What is the units digit of 11073?
3
What is the tens digit of 5620?
2
What is the thousands digit of 9311?
9
What is the hundreds digit of 1695?
6
What is the thousands digit of 1622?
1
What is the tens digit of 399?
9
What is the units digit of 34388?
8
What is the thousands digit of 27890?
7
What is the ten thousands digit of 12691?
1
What is the units digit of 10209?
9
What is the thousands digit of 2245?
2
What is the units digit of 29?
9
What is the units digit of 6655?
5
What is the hundreds digit of 43614?
6
What is the tens digit of 16649?
4
What is the hundreds digit of 312?
3
What is the units digit of 359?
9
What is the units digit of 733?
3
What is the thousands digit of 1045?
1
What is the thousands digit of 15966?
5
What is the thousands digit of 24399?
4
What is the thousands digit of 19432?
9
What is the hundreds digit of 595?
5
What is the tens digit of 820?
2
What is the ten thousands digit of 61113?
6
What is the units digit of 6951?
1
What is the thousands digit of 4086?
4
What is the tens digit of 1108?
0
What is the tens digit of 925?
2
What is the hundreds digit of 755?
7
What is the tens digit of 52658?
5
What is the tens digit of 27942?
4
What is the thousands digit of 1451?
1
What is the ten thousands digit of 47057?
4
What is the tens digit of 8310?
1
What is the hundreds digit of 727?
7
What is the hundreds digit of 3021?
0
What is the tens digit of 714?
1
What is the units digit of 796?
6
What is the hundreds digit of 9008?
0
What is the thousands digit of 64197?
4
What is the thousands digit of 12539?
2
What is the hundreds digit of 10210?
2
What is the tens digit of 931?
3
What is the hundreds digit of 684?
6
What is the tens digit of 16273?
7
What is the units digit of 2685?
5
What is the units digit of 1951?
1
What is the tens digit of 4488?
8
What is the ten thousands digit of 22688?
2
What is the tens digit of 16749?
4
What is the tens digit of 128?
2
What is the thousands digit of 2902?
2
What is the thousands digit of 8085?
8
What is the hundreds digit of 25285?
2
What is the thousands digit of 12472?
2
What is the tens digit of 301?
0
What is the hundreds digit of 21973?
9
What is the tens digit of 7579?
7
What is the tens digit of 53?
5
What is the thousands digit of 6339?
6
What is the hundreds digit of 2726?
7
What is the ten thousands digit of 15305?
1
What is the thousands digit of 153254?
3
What is the ten thousands digit of 26235?
2
What is the hundreds digit of 339?
3
What is the hundreds digit of 9326?
3
What is the tens digit of 21117?
1
What is the thousands digit of 6563?
6
What is the tens digit of 164754?
5
What is the tens digit of 915?
1
What is the thousands digit of 5851?
5
What is the hundreds digit of 367?
3
What is the thousands digit of 8064?
8
What is the thousands digit of 2386?
2
What is the thousands digit of 25029?
5
What is the ten thousands digit of 10542?
1
What is the hundreds digit of 24794?
7
What is the units digit of 935?
5
What is the hundreds digit of 672?
6
What is the tens digit of 7784?
8
What is the tens digit of 575?
7
What is the thousands digit of 3069?
3
What is the ten thousands digit of 145691?
4
What is the hundreds digit of 36828?
8
What is the units digit of 1192?
2
What is the ten thousands digit of 17949?
1
What is the hundreds digit of 1287?
2
What is the hundreds digit of 107?
1
What is the tens digit of 7852?
5
What is the units digit of 4078?
8
What is the tens digit of 1220?
2
What is the tens digit of 686?
8
What is the hundreds digit of 92284?
2
What is the units digit of 672?
2
What is the thousands digit of 1548?
1
What is the thousands digit of 6040?
6
What is the hundreds digit of 22696?
6
What is the hundreds digit of 18942?
9
What is the tens digit of 8428?
2
What is the ten thousands digit of 33768?
3
What is the thousands digit of 13715?
3
What is the hundreds digit of 16246?
2
What is the tens digit of 33101?
0
What is the units digit of 24105?
5
What is the hundreds digit of 31728?
7
What is the ten thousands digit of 14534?
1
What is the tens digit of 107?
0
What is the ten thousands digit of 50120?
5
What is the tens digit of 3313?
1
What is the hundreds digit of 10247?
2
What is the hundreds digit of 3048?
0
What is the tens digit of 3230?
3
What is the hundreds digit of 19803?
8
What is the hundreds digit of 1475?
4
What is the tens digit of 4637?
3
What is the hundreds digit of 1219?
2
What is the hundreds digit of 1555?
5
What is the tens digit of 1601?
0
What is the units digit of 5591?
1
What is the tens digit of 30997?
9
What is the tens digit of 35635?
3
What is the tens digit of 52385?
8
What is the thousands digit of 35719?
5
What is the units digit of 3406?
6
What is the units digit of 81?
1
What is the hundreds digit of 57208?
2
What is the ten thousands digit of 127519?
2
What is the thousands digit of 2392?
2
What is the hundreds digit of 99753?
7
What is the thousands digit of 7135?
7
What is the tens digit of 782?
8
What is the thousands digit of 25600?
5
What is the ten thousands digit of 25622?
2
What is the units digit of 139?
9
What is the hundreds digit of 43294?
2
What is the tens digit of 131580?
8
What is the units digit of 34290?
0
What is the hundreds digit of 3848?
8
What is the units digit of 1888?
8
What is the thousands digit of 1139?
1
What is the ten thousands digit of 17529?
1
What is the units digit of 82079?
9
What is the units digit of 1917?
7
What is the units digit of 3503?
3
What is the units digit of 129?
9
What is the units digit of 2865?
5
What is the hundreds digit of 43021?
0
What is the tens digit of 2273?
7
What is the units digit of 50873?
3
What is the hundreds digit of 299?
2
What is the hundreds digit of 2484?
4
What is the units digit of 21324?
4
What is the tens digit of 4157?
5
What is the ten thousands digit of 42117?
4
What is the hundreds digit of 991?
9
What is the tens digit of 2758?
5
What is the hundreds digit of 153601?
6
What is the units digit of 26235?
5
What is the tens digit of 40?
4
What is the tens digit of 3813?
1
What is the tens digit of 22017?
1
What is the units digit of 1205?
5
What is the hundreds digit of 145869?
8
What is the thousands digit of 3547?
3
What is the units digit of 2898?
8
What is the thousands digit of 23074?
3
What is the units digit of 2335?
5
What is the tens digit of 7057?
5
What is the tens digit of 1689?
8
What is the thousands digit of 34577?
4
What is the ten thousands digit of 62696?
6
What is the hundreds digit of 98189?
1
What is the hundreds digit of 428?
4
What is the units digit of 217?
7
What is the thousands digit of 58209?
8
What is the tens digit of 3662?
6
What is the thousands digit of 21217?
1
What is